{"id":32,"date":"2023-05-20T19:37:27","date_gmt":"2023-05-20T19:37:27","guid":{"rendered":"http:\/\/wp.grundschuleerichkaestner.de\/?page_id=32"},"modified":"2024-10-29T10:48:01","modified_gmt":"2024-10-29T09:48:01","slug":"kontakt-downloads","status":"publish","type":"page","link":"https:\/\/www.grundschuleerichkaestner.de\/?page_id=32","title":{"rendered":"Kontakt &#038; Downloads"},"content":{"rendered":"\n<p>F\u00f6rderverein der Grundschule Erich K\u00e4stner e.V., K\u00f6nigs Wusterhausen<br>c\/o<br>Grundschule Erich K\u00e4stner<br>Erich K\u00e4stner Str. 5-9<br>15711 K\u00f6nigs Wusterhausen<\/p>\n\n\n\n<p>Wir sind \u00fcber die Schule und Lehrerschaft erreichbar sowie per<br>E-Mail:&nbsp;&nbsp;&nbsp;&nbsp;<a href=\"mailto:foerderverein@grundschuleerichkaestner.de\">foerderverein@grundschuleerichkaestner.de<\/a><\/p>\n\n\n\n<h2 class=\"wp-block-heading\">Noch kein Mitglied?<br>&#8230; Der F\u00f6rderverein unserer Schule freut sich \u00fcber Ihre Unterst\u00fctzung<\/h2>\n\n\n\n<p>Der j\u00e4hrliche Mitgliedsbeitrag betr\u00e4gt 10,00 Euro Die Mitgliedschaft im F\u00f6rderverein kann j\u00e4hrlich zum Ende des Schuljahres ohne Angabe von Gr\u00fcnden gek\u00fcndigt werden. Automatisch endet die Mitgliedschaft, sobald das j\u00fcngste Kind die Schule verl\u00e4sst.<\/p>\n\n\n\n<div class=\"wp-block-columns is-layout-flex wp-container-5\">\n<div class=\"wp-block-column is-layout-flow\">\n<div class=\"wp-block-buttons is-layout-flex\">\n<div class=\"wp-block-button has-custom-width wp-block-button__width-100\"><a class=\"wp-block-button__link has-text-align-center wp-element-button\" href=\"https:\/\/www.grundschuleerichkaestner.de\/wp-content\/uploads\/2024\/07\/Flyer-Foerderverein-Neu.pdf\">Mitgliedsantrag<\/a><\/div>\n\n\n\n<div class=\"wp-block-button has-custom-width wp-block-button__width-100\"><a class=\"wp-block-button__link wp-element-button\" href=\"https:\/\/www.grundschuleerichkaestner.de\/wp-content\/uploads\/2023\/11\/Bankverbindung-und-Paypal.pdf\">Bankverbindung des F\u00f6rdervereins<\/a><\/div>\n<\/div>\n<\/div>\n\n\n\n<div class=\"wp-block-column is-layout-flow\">\n<div class=\"wp-block-buttons is-layout-flex\">\n<div class=\"wp-block-button has-custom-width wp-block-button__width-100\"><a class=\"wp-block-button__link wp-element-button\" href=\"https:\/\/www.grundschuleerichkaestner.de\/wp-content\/uploads\/2024\/07\/Flyer-Foerderverein-Neu.pdf\">Flyer des F\u00f6rdervereins<\/a><\/div>\n\n\n\n<div class=\"wp-block-button has-custom-width wp-block-button__width-100\"><a class=\"wp-block-button__link wp-element-button\" href=\"https:\/\/www.grundschuleerichkaestner.de\/wp-content\/uploads\/2023\/05\/Satzung.pdf\">Satzung<\/a><\/div>\n<\/div>\n<\/div>\n<\/div>\n","protected":false},"excerpt":{"rendered":"<p>F\u00f6rderverein der Grundschule Erich K\u00e4stner e.V., K\u00f6nigs Wusterhausenc\/oGrundschule Erich K\u00e4stnerErich K\u00e4stner Str. 5-915711 K\u00f6nigs Wusterhausen Wir sind \u00fcber die Schule und Lehrerschaft erreichbar sowie perE-Mail:&nbsp;&nbsp;&nbsp;&nbsp;foerderverein@grundschuleerichkaestner.de Noch kein Mitglied?&#8230; Der F\u00f6rderverein unserer Schule freut sich \u00fcber Ihre Unterst\u00fctzung Der j\u00e4hrliche Mitgliedsbeitrag betr\u00e4gt 10,00 Euro Die Mitgliedschaft im F\u00f6rderverein kann j\u00e4hrlich zum Ende des Schuljahres ohne Angabe &hellip;<\/p>\n<p class=\"read-more\"> <a class=\"\" href=\"https:\/\/www.grundschuleerichkaestner.de\/?page_id=32\"> <span class=\"screen-reader-text\">Kontakt &#038; Downloads<\/span> Weiterlesen \u00bb<\/a><\/p>\n","protected":false},"author":4,"featured_media":0,"parent":0,"menu_order":0,"comment_status":"closed","ping_status":"closed","template":"","meta":{"site-sidebar-layout":"default","site-content-layout":"","ast-site-content-layout":"default","site-content-style":"default","site-sidebar-style":"default","ast-global-header-display":"","ast-banner-title-visibility":"","ast-main-header-display":"","ast-hfb-above-header-display":"","ast-hfb-below-header-display":"","ast-hfb-mobile-header-display":"","site-post-title":"","ast-breadcrumbs-content":"","ast-featured-img":"","footer-sml-layout":"","theme-transparent-header-meta":"","adv-header-id-meta":"","stick-header-meta":"","header-above-stick-meta":"","header-main-stick-meta":"","header-below-stick-meta":"","astra-migrate-meta-layouts":"set"},"_links":{"self":[{"href":"https:\/\/www.grundschuleerichkaestner.de\/index.php?rest_route=\/wp\/v2\/pages\/32"}],"collection":[{"href":"https:\/\/www.grundschuleerichkaestner.de\/index.php?rest_route=\/wp\/v2\/pages"}],"about":[{"href":"https:\/\/www.grundschuleerichkaestner.de\/index.php?rest_route=\/wp\/v2\/types\/page"}],"author":[{"embeddable":true,"href":"https:\/\/www.grundschuleerichkaestner.de\/index.php?rest_route=\/wp\/v2\/users\/4"}],"replies":[{"embeddable":true,"href":"https:\/\/www.grundschuleerichkaestner.de\/index.php?rest_route=%2Fwp%2Fv2%2Fcomments&post=32"}],"version-history":[{"count":7,"href":"https:\/\/www.grundschuleerichkaestner.de\/index.php?rest_route=\/wp\/v2\/pages\/32\/revisions"}],"predecessor-version":[{"id":1741,"href":"https:\/\/www.grundschuleerichkaestner.de\/index.php?rest_route=\/wp\/v2\/pages\/32\/revisions\/1741"}],"wp:attachment":[{"href":"https:\/\/www.grundschuleerichkaestner.de\/index.php?rest_route=%2Fwp%2Fv2%2Fmedia&parent=32"}],"curies":[{"name":"wp","href":"https:\/\/api.w.org\/{rel}","templated":true}]}}