{"id":18,"date":"2023-05-20T19:34:49","date_gmt":"2023-05-20T19:34:49","guid":{"rendered":"http:\/\/wp.grundschuleerichkaestner.de\/?page_id=18"},"modified":"2024-10-29T10:43:07","modified_gmt":"2024-10-29T09:43:07","slug":"foerderverein","status":"publish","type":"page","link":"https:\/\/www.grundschuleerichkaestner.de\/?page_id=18","title":{"rendered":"Wir &#8211; der F\u00f6rderverein"},"content":{"rendered":"\n<div class=\"wp-block-columns is-layout-flex wp-container-10\">\n<div class=\"wp-block-column is-layout-flow\" style=\"flex-basis:66.66%\">\n<p>Unser F\u00f6rderverein der Grundschule Erich K\u00e4stner e.V. wurde im Jahr 1992 gegr\u00fcndet und durfte bereits sein <strong>30-j\u00e4hriges Bestehen <\/strong>feiern. Es handelt sich um einen gemeinn\u00fctzigen Verein mit Mitgliedern aus Eltern, Gro\u00dfeltern und Lehrern. Alle Gremien und mitwirkenden Helfer engagieren sich ehrenamtlich.<\/p>\n\n\n\n<div class=\"wp-block-columns is-layout-flex wp-container-5\">\n<div class=\"wp-block-column is-layout-flow\">\n<div class=\"wp-block-buttons is-content-justification-center is-layout-flex wp-container-1\">\n<div class=\"wp-block-button has-custom-width wp-block-button__width-100\"><a class=\"wp-block-button__link wp-element-button\" href=\"https:\/\/www.grundschuleerichkaestner.de\/wp-content\/uploads\/2024\/07\/Flyer-Foerderverein-Neu.pdf\" target=\"_blank\" rel=\"noreferrer noopener\">Helfen Sie mit &#8211; werden Sie Mitglied!<\/a><\/div>\n<\/div>\n<\/div>\n\n\n\n<div class=\"wp-block-column is-layout-flow\">\n<div class=\"wp-block-buttons is-content-justification-center is-layout-flex wp-container-3\">\n<div class=\"wp-block-button has-custom-width wp-block-button__width-100\"><a class=\"wp-block-button__link wp-element-button\" href=\"https:\/\/www.grundschuleerichkaestner.de\/?page_id=40\" target=\"_blank\" rel=\"noreferrer noopener\">Gooding<\/a><\/div>\n<\/div>\n<\/div>\n<\/div>\n<\/div>\n\n\n\n<div class=\"wp-block-column is-layout-flow\" style=\"flex-basis:33.33%\">\n<figure class=\"wp-block-gallery has-nested-images columns-default is-cropped wp-block-gallery-7 is-layout-flex\">\n<figure class=\"wp-block-image size-large\"><img decoding=\"async\" loading=\"lazy\" width=\"683\" height=\"1024\" src=\"https:\/\/www.grundschuleerichkaestner.de\/wp-content\/uploads\/2023\/05\/MiaEmmi-mit-Shirts-683x1024.jpg\" alt=\"\" class=\"wp-image-330\" srcset=\"https:\/\/www.grundschuleerichkaestner.de\/wp-content\/uploads\/2023\/05\/MiaEmmi-mit-Shirts-683x1024.jpg 683w, https:\/\/www.grundschuleerichkaestner.de\/wp-content\/uploads\/2023\/05\/MiaEmmi-mit-Shirts-200x300.jpg 200w, https:\/\/www.grundschuleerichkaestner.de\/wp-content\/uploads\/2023\/05\/MiaEmmi-mit-Shirts-768x1152.jpg 768w, https:\/\/www.grundschuleerichkaestner.de\/wp-content\/uploads\/2023\/05\/MiaEmmi-mit-Shirts-1024x1536.jpg 1024w, https:\/\/www.grundschuleerichkaestner.de\/wp-content\/uploads\/2023\/05\/MiaEmmi-mit-Shirts-1365x2048.jpg 1365w, https:\/\/www.grundschuleerichkaestner.de\/wp-content\/uploads\/2023\/05\/MiaEmmi-mit-Shirts-scaled.jpg 1707w\" sizes=\"(max-width: 683px) 100vw, 683px\" \/><\/figure>\n\n\n\n<figure class=\"wp-block-image size-large\"><img decoding=\"async\" loading=\"lazy\" width=\"221\" height=\"166\" src=\"https:\/\/www.grundschuleerichkaestner.de\/wp-content\/uploads\/2023\/05\/Foerderverein_wir_ueber_uns_5.jpg\" alt=\"\" class=\"wp-image-331\"\/><\/figure>\n\n\n\n<figure class=\"wp-block-image size-large\"><img decoding=\"async\" loading=\"lazy\" width=\"1024\" height=\"768\" src=\"https:\/\/www.grundschuleerichkaestner.de\/wp-content\/uploads\/2023\/05\/Einschulungsempfang-1024x768.jpg\" alt=\"\" class=\"wp-image-332\" srcset=\"https:\/\/www.grundschuleerichkaestner.de\/wp-content\/uploads\/2023\/05\/Einschulungsempfang-1024x768.jpg 1024w, https:\/\/www.grundschuleerichkaestner.de\/wp-content\/uploads\/2023\/05\/Einschulungsempfang-300x225.jpg 300w, https:\/\/www.grundschuleerichkaestner.de\/wp-content\/uploads\/2023\/05\/Einschulungsempfang-768x576.jpg 768w, https:\/\/www.grundschuleerichkaestner.de\/wp-content\/uploads\/2023\/05\/Einschulungsempfang-1536x1152.jpg 1536w, https:\/\/www.grundschuleerichkaestner.de\/wp-content\/uploads\/2023\/05\/Einschulungsempfang-2048x1536.jpg 2048w\" sizes=\"(max-width: 1024px) 100vw, 1024px\" \/><\/figure>\n<\/figure>\n<\/div>\n<\/div>\n\n\n\n<div class=\"wp-block-pb-accordion-item c-accordion__item js-accordion-item no-js\" data-initially-open=\"false\" data-click-to-close=\"true\" data-auto-close=\"false\" data-scroll=\"true\" data-scroll-offset=\"0\"><button id=\"at-180\" class=\"c-accordion__title js-accordion-controller c-accordion__title--button\" role=\"button\"><strong>Unsere Ziele<\/strong><\/button><div id=\"ac-180\" class=\"c-accordion__content\">\n<p><\/p>\n\n\n\n<p>Unser gemeinsames Ziel ist die Unterst\u00fctzung der Sch\u00fcler, Eltern und Lehrer im Schulalltag und bei verschiedensten Projekten, f\u00fcr die die beschr\u00e4nkten \u00f6ffentlichen Mittel der Schule allein nicht ausreichen. Viele Aktionen und Projekte des F\u00f6rdervereins haben in den vergangenen Jahren das Schulleben bereichert und bessere M\u00f6glichkeiten zum Lernen und Spielen f\u00fcr unsere Kinder geschaffen.<\/p>\n<\/div><\/div>\n\n\n\n<p><\/p>\n\n\n\n<div class=\"wp-block-pb-accordion-item c-accordion__item js-accordion-item no-js\" data-initially-open=\"false\" data-click-to-close=\"true\" data-auto-close=\"false\" data-scroll=\"true\" data-scroll-offset=\"0\"><button id=\"at-181\" class=\"c-accordion__title js-accordion-controller c-accordion__title--button\" role=\"button\"><strong>Unsere Aufgaben<\/strong><\/button><div id=\"ac-181\" class=\"c-accordion__content\">\n<ul>\n<li>Sammeln von Geld- und Sachspenden<\/li>\n\n\n\n<li>Finanzielle Unterst\u00fctzung um (zus\u00e4tzliches) Lehr- und Arbeitsmaterial anzuschaffen<\/li>\n\n\n\n<li>Erneuerung &amp; Erg\u00e4nzung von Schulr\u00e4umen &amp; des Schulhofes<\/li>\n\n\n\n<li>Unterst\u00fctzung der schulischen und au\u00dferschulischen Projekte<\/li>\n\n\n\n<li>St\u00e4rkung der Zusammenarbeit zwischen Schule und allen am Schulleben Beteiligten<\/li>\n<\/ul>\n<\/div><\/div>\n\n\n\n<p><\/p>\n\n\n\n<div class=\"wp-block-pb-accordion-item c-accordion__item js-accordion-item no-js is-open\" data-initially-open=\"true\" data-click-to-close=\"true\" data-auto-close=\"false\" data-scroll=\"true\" data-scroll-offset=\"0\"><button id=\"at-182\" class=\"c-accordion__title js-accordion-controller c-accordion__title--button\" role=\"button\"><strong>Vorstand<\/strong><\/button><div id=\"ac-182\" class=\"c-accordion__content\">\n<figure class=\"wp-block-image aligncenter size-medium\"><img decoding=\"async\" loading=\"lazy\" width=\"300\" height=\"200\" src=\"https:\/\/www.grundschuleerichkaestner.de\/wp-content\/uploads\/2024\/07\/Gruppenfoto_Foerderverein-300x200.jpg\" alt=\"\" class=\"wp-image-1509\" srcset=\"https:\/\/www.grundschuleerichkaestner.de\/wp-content\/uploads\/2024\/07\/Gruppenfoto_Foerderverein-300x200.jpg 300w, https:\/\/www.grundschuleerichkaestner.de\/wp-content\/uploads\/2024\/07\/Gruppenfoto_Foerderverein-1024x683.jpg 1024w, https:\/\/www.grundschuleerichkaestner.de\/wp-content\/uploads\/2024\/07\/Gruppenfoto_Foerderverein-768x512.jpg 768w, https:\/\/www.grundschuleerichkaestner.de\/wp-content\/uploads\/2024\/07\/Gruppenfoto_Foerderverein-1536x1024.jpg 1536w, https:\/\/www.grundschuleerichkaestner.de\/wp-content\/uploads\/2024\/07\/Gruppenfoto_Foerderverein-2048x1365.jpg 2048w\" sizes=\"(max-width: 300px) 100vw, 300px\" \/><\/figure>\n\n\n\n<div class=\"wp-block-columns is-layout-flex wp-container-14\">\n<div class=\"wp-block-column has-ast-global-color-6-background-color has-background is-layout-flow\" style=\"padding-top:var(--wp--preset--spacing--30);padding-right:var(--wp--preset--spacing--30);padding-bottom:var(--wp--preset--spacing--30);padding-left:var(--wp--preset--spacing--30)\">\n<p class=\"has-text-align-center\"><strong>Stephanie Reichelt<\/strong><br><em>Vorstandsvorsitzende<\/em><\/p>\n\n\n\n<p class=\"has-text-align-left\">Hallo mein Name ist Stephanie Reichelt ich habe zwei Kinder und meine Tochter besucht aktuell die Erich K\u00e4stner Grundschule. Neben den beruflichen und famili\u00e4ren Anforderungen im allt\u00e4glichen<br>Leben versuche ich meine kreative und sportliche Ader auszuleben. Es freut mich sehr,<br>dass wir den F\u00f6rderverein wieder gemeinsam mehr voranbringen und die Schule und vor allem die Kinder unterst\u00fctzen k\u00f6nnen.<\/p>\n<\/div>\n\n\n\n<div class=\"wp-block-column has-ast-global-color-6-background-color has-background is-layout-flow\" style=\"padding-top:var(--wp--preset--spacing--30);padding-right:var(--wp--preset--spacing--30);padding-bottom:var(--wp--preset--spacing--30);padding-left:var(--wp--preset--spacing--30)\">\n<p class=\"has-text-align-center\"><strong>Silvana Vogel<\/strong><br><em>Stv. Vorstandsvorsitzende<\/em><\/p>\n\n\n\n<p>Mein Name ist Silvana Vogel und mein Sohn besucht aktuell die Erich K\u00e4stner Grundschule. Zusammen mit meinem Mann und unserem Sohn wohnen wir seit 2019 in K\u00f6nigs Wusterhausen. In meiner Freizeit bin ich gern in der Natur und sportlich aktiv, mag lesen und n\u00e4hen. Seit 2021 bin ich als Patin beim Netzwerk Gesunde Kinder<br>im Landkreis Dahme-Spree aktiv. Ich freue mich sehr auf viele spannende und sch\u00f6ne<br>Schulprojekte f\u00fcr unsere Kinder!<\/p>\n<\/div>\n\n\n\n<div class=\"wp-block-column has-ast-global-color-6-background-color has-background is-layout-flow\" style=\"padding-top:var(--wp--preset--spacing--30);padding-right:var(--wp--preset--spacing--30);padding-bottom:var(--wp--preset--spacing--30);padding-left:var(--wp--preset--spacing--30)\">\n<p class=\"has-text-align-center\"><strong>Sabine Ha\u00df<\/strong><br><em>Schatzmeisterin<\/em><\/p>\n\n\n\n<p>Mein Name ist Sabine Ha\u00df und meine Tochter besucht die Erich K\u00e4snter Grundschule. Demn\u00e4chst wird auch mein Sohn die Schule besuchen. Ich bin verheiratet, leben in K\u00f6nigs Wusterhausen und erkunden gern gemeinsam viel Neues. In der Vergangenheit habe ich mich im Elternbeirat der Stadt KW engagiert und m\u00f6chte nun meine Ideen bei der<br>Arbeit f\u00fcr den F\u00f6rderverein einflie\u00dfen lassen, pers\u00f6nliches Engagement f\u00fcr unsere Kinder<br>ist mir wichtig.<\/p>\n<\/div>\n<\/div>\n<\/div><\/div>\n","protected":false},"excerpt":{"rendered":"<p>Unser F\u00f6rderverein der Grundschule Erich K\u00e4stner e.V. wurde im Jahr 1992 gegr\u00fcndet und durfte bereits sein 30-j\u00e4hriges Bestehen feiern. Es handelt sich um einen gemeinn\u00fctzigen Verein mit Mitgliedern aus Eltern, Gro\u00dfeltern und Lehrern. Alle Gremien und mitwirkenden Helfer engagieren sich ehrenamtlich.<\/p>\n","protected":false},"author":4,"featured_media":0,"parent":0,"menu_order":0,"comment_status":"closed","ping_status":"closed","template":"","meta":{"site-sidebar-layout":"default","site-content-layout":"","ast-site-content-layout":"default","site-content-style":"default","site-sidebar-style":"default","ast-global-header-display":"","ast-banner-title-visibility":"","ast-main-header-display":"","ast-hfb-above-header-display":"","ast-hfb-below-header-display":"","ast-hfb-mobile-header-display":"","site-post-title":"","ast-breadcrumbs-content":"","ast-featured-img":"","footer-sml-layout":"","theme-transparent-header-meta":"","adv-header-id-meta":"","stick-header-meta":"","header-above-stick-meta":"","header-main-stick-meta":"","header-below-stick-meta":"","astra-migrate-meta-layouts":"set"},"_links":{"self":[{"href":"https:\/\/www.grundschuleerichkaestner.de\/index.php?rest_route=\/wp\/v2\/pages\/18"}],"collection":[{"href":"https:\/\/www.grundschuleerichkaestner.de\/index.php?rest_route=\/wp\/v2\/pages"}],"about":[{"href":"https:\/\/www.grundschuleerichkaestner.de\/index.php?rest_route=\/wp\/v2\/types\/page"}],"author":[{"embeddable":true,"href":"https:\/\/www.grundschuleerichkaestner.de\/index.php?rest_route=\/wp\/v2\/users\/4"}],"replies":[{"embeddable":true,"href":"https:\/\/www.grundschuleerichkaestner.de\/index.php?rest_route=%2Fwp%2Fv2%2Fcomments&post=18"}],"version-history":[{"count":33,"href":"https:\/\/www.grundschuleerichkaestner.de\/index.php?rest_route=\/wp\/v2\/pages\/18\/revisions"}],"predecessor-version":[{"id":1738,"href":"https:\/\/www.grundschuleerichkaestner.de\/index.php?rest_route=\/wp\/v2\/pages\/18\/revisions\/1738"}],"wp:attachment":[{"href":"https:\/\/www.grundschuleerichkaestner.de\/index.php?rest_route=%2Fwp%2Fv2%2Fmedia&parent=18"}],"curies":[{"name":"wp","href":"https:\/\/api.w.org\/{rel}","templated":true}]}}

Wir &#8211; der Förderverein

<div class="wp-block-columns is-layout-flex wp-container-10">
<div class="wp-block-column is-layout-flow" style="flex-basis:66.66%">
<p>Unser Förderverein der Grundschule Erich Kästner e.V. wurde im Jahr 1992 gegründet und durfte bereits sein <strong>30-jähriges Bestehen </strong>feiern. Es handelt sich um einen gemeinnützigen Verein mit Mitgliedern aus Eltern, Großeltern und Lehrern. Alle Gremien und mitwirkenden Helfer engagieren sich ehrenamtlich.</p>



<div class="wp-block-columns is-layout-flex wp-container-5">
<div class="wp-block-column is-layout-flow">
<div class="wp-block-buttons is-content-justification-center is-layout-flex wp-container-1">
<div class="wp-block-button has-custom-width wp-block-button__width-100"><a class="wp-block-button__link wp-element-button" href="https://www.grundschuleerichkaestner.de/wp-content/uploads/2024/07/Flyer-Foerderverein-Neu.pdf" target="_blank" rel="noreferrer noopener">Helfen Sie mit &#8211; werden Sie Mitglied!</a></div>
</div>
</div>



<div class="wp-block-column is-layout-flow">
<div class="wp-block-buttons is-content-justification-center is-layout-flex wp-container-3">
<div class="wp-block-button has-custom-width wp-block-button__width-100"><a class="wp-block-button__link wp-element-button" href="https://www.grundschuleerichkaestner.de/?page_id=40" target="_blank" rel="noreferrer noopener">Gooding</a></div>
</div>
</div>
</div>
</div>



<div class="wp-block-column is-layout-flow" style="flex-basis:33.33%">
<figure class="wp-block-gallery has-nested-images columns-default is-cropped wp-block-gallery-7 is-layout-flex">
<figure class="wp-block-image size-large"><img decoding="async" loading="lazy" width="683" height="1024" src="https://www.grundschuleerichkaestner.de/wp-content/uploads/2023/05/MiaEmmi-mit-Shirts-683x1024.jpg" alt="" class="wp-image-330" srcset="https://www.grundschuleerichkaestner.de/wp-content/uploads/2023/05/MiaEmmi-mit-Shirts-683x1024.jpg 683w, https://www.grundschuleerichkaestner.de/wp-content/uploads/2023/05/MiaEmmi-mit-Shirts-200x300.jpg 200w, https://www.grundschuleerichkaestner.de/wp-content/uploads/2023/05/MiaEmmi-mit-Shirts-768x1152.jpg 768w, https://www.grundschuleerichkaestner.de/wp-content/uploads/2023/05/MiaEmmi-mit-Shirts-1024x1536.jpg 1024w, https://www.grundschuleerichkaestner.de/wp-content/uploads/2023/05/MiaEmmi-mit-Shirts-1365x2048.jpg 1365w, https://www.grundschuleerichkaestner.de/wp-content/uploads/2023/05/MiaEmmi-mit-Shirts-scaled.jpg 1707w" sizes="(max-width: 683px) 100vw, 683px" /></figure>



<figure class="wp-block-image size-large"><img decoding="async" loading="lazy" width="221" height="166" src="https://www.grundschuleerichkaestner.de/wp-content/uploads/2023/05/Foerderverein_wir_ueber_uns_5.jpg" alt="" class="wp-image-331"/></figure>



<figure class="wp-block-image size-large"><img decoding="async" loading="lazy" width="1024" height="768" src="https://www.grundschuleerichkaestner.de/wp-content/uploads/2023/05/Einschulungsempfang-1024x768.jpg" alt="" class="wp-image-332" srcset="https://www.grundschuleerichkaestner.de/wp-content/uploads/2023/05/Einschulungsempfang-1024x768.jpg 1024w, https://www.grundschuleerichkaestner.de/wp-content/uploads/2023/05/Einschulungsempfang-300x225.jpg 300w, https://www.grundschuleerichkaestner.de/wp-content/uploads/2023/05/Einschulungsempfang-768x576.jpg 768w, https://www.grundschuleerichkaestner.de/wp-content/uploads/2023/05/Einschulungsempfang-1536x1152.jpg 1536w, https://www.grundschuleerichkaestner.de/wp-content/uploads/2023/05/Einschulungsempfang-2048x1536.jpg 2048w" sizes="(max-width: 1024px) 100vw, 1024px" /></figure>
</figure>
</div>
</div>



<div class="wp-block-pb-accordion-item c-accordion__item js-accordion-item no-js" data-initially-open="false" data-click-to-close="true" data-auto-close="false" data-scroll="true" data-scroll-offset="0"><button id="at-180" class="c-accordion__title js-accordion-controller c-accordion__title--button" role="button"><strong>Unsere Ziele</strong></button><div id="ac-180" class="c-accordion__content">
<p></p>



<p>Unser gemeinsames Ziel ist die Unterstützung der Schüler, Eltern und Lehrer im Schulalltag und bei verschiedensten Projekten, für die die beschränkten öffentlichen Mittel der Schule allein nicht ausreichen. Viele Aktionen und Projekte des Fördervereins haben in den vergangenen Jahren das Schulleben bereichert und bessere Möglichkeiten zum Lernen und Spielen für unsere Kinder geschaffen.</p>
</div></div>



<p></p>



<div class="wp-block-pb-accordion-item c-accordion__item js-accordion-item no-js" data-initially-open="false" data-click-to-close="true" data-auto-close="false" data-scroll="true" data-scroll-offset="0"><button id="at-181" class="c-accordion__title js-accordion-controller c-accordion__title--button" role="button"><strong>Unsere Aufgaben</strong></button><div id="ac-181" class="c-accordion__content">
<ul>
<li>Sammeln von Geld- und Sachspenden</li>



<li>Finanzielle Unterstützung um (zusätzliches) Lehr- und Arbeitsmaterial anzuschaffen</li>



<li>Erneuerung &amp; Ergänzung von Schulräumen &amp; des Schulhofes</li>



<li>Unterstützung der schulischen und außerschulischen Projekte</li>



<li>Stärkung der Zusammenarbeit zwischen Schule und allen am Schulleben Beteiligten</li>
</ul>
</div></div>



<p></p>



<div class="wp-block-pb-accordion-item c-accordion__item js-accordion-item no-js is-open" data-initially-open="true" data-click-to-close="true" data-auto-close="false" data-scroll="true" data-scroll-offset="0"><button id="at-182" class="c-accordion__title js-accordion-controller c-accordion__title--button" role="button"><strong>Vorstand</strong></button><div id="ac-182" class="c-accordion__content">
<figure class="wp-block-image aligncenter size-medium"><img decoding="async" loading="lazy" width="300" height="200" src="https://www.grundschuleerichkaestner.de/wp-content/uploads/2024/07/Gruppenfoto_Foerderverein-300x200.jpg" alt="" class="wp-image-1509" srcset="https://www.grundschuleerichkaestner.de/wp-content/uploads/2024/07/Gruppenfoto_Foerderverein-300x200.jpg 300w, https://www.grundschuleerichkaestner.de/wp-content/uploads/2024/07/Gruppenfoto_Foerderverein-1024x683.jpg 1024w, https://www.grundschuleerichkaestner.de/wp-content/uploads/2024/07/Gruppenfoto_Foerderverein-768x512.jpg 768w, https://www.grundschuleerichkaestner.de/wp-content/uploads/2024/07/Gruppenfoto_Foerderverein-1536x1024.jpg 1536w, https://www.grundschuleerichkaestner.de/wp-content/uploads/2024/07/Gruppenfoto_Foerderverein-2048x1365.jpg 2048w" sizes="(max-width: 300px) 100vw, 300px" /></figure>



<div class="wp-block-columns is-layout-flex wp-container-14">
<div class="wp-block-column has-ast-global-color-6-background-color has-background is-layout-flow" style="padding-top:var(--wp--preset--spacing--30);padding-right:var(--wp--preset--spacing--30);padding-bottom:var(--wp--preset--spacing--30);padding-left:var(--wp--preset--spacing--30)">
<p class="has-text-align-center"><strong>Stephanie Reichelt</strong><br><em>Vorstandsvorsitzende</em></p>



<p class="has-text-align-left">Hallo mein Name ist Stephanie Reichelt ich habe zwei Kinder und meine Tochter besucht aktuell die Erich Kästner Grundschule. Neben den beruflichen und familiären Anforderungen im alltäglichen<br>Leben versuche ich meine kreative und sportliche Ader auszuleben. Es freut mich sehr,<br>dass wir den Förderverein wieder gemeinsam mehr voranbringen und die Schule und vor allem die Kinder unterstützen können.</p>
</div>



<div class="wp-block-column has-ast-global-color-6-background-color has-background is-layout-flow" style="padding-top:var(--wp--preset--spacing--30);padding-right:var(--wp--preset--spacing--30);padding-bottom:var(--wp--preset--spacing--30);padding-left:var(--wp--preset--spacing--30)">
<p class="has-text-align-center"><strong>Silvana Vogel</strong><br><em>Stv. Vorstandsvorsitzende</em></p>



<p>Mein Name ist Silvana Vogel und mein Sohn besucht aktuell die Erich Kästner Grundschule. Zusammen mit meinem Mann und unserem Sohn wohnen wir seit 2019 in Königs Wusterhausen. In meiner Freizeit bin ich gern in der Natur und sportlich aktiv, mag lesen und nähen. Seit 2021 bin ich als Patin beim Netzwerk Gesunde Kinder<br>im Landkreis Dahme-Spree aktiv. Ich freue mich sehr auf viele spannende und schöne<br>Schulprojekte für unsere Kinder!</p>
</div>



<div class="wp-block-column has-ast-global-color-6-background-color has-background is-layout-flow" style="padding-top:var(--wp--preset--spacing--30);padding-right:var(--wp--preset--spacing--30);padding-bottom:var(--wp--preset--spacing--30);padding-left:var(--wp--preset--spacing--30)">
<p class="has-text-align-center"><strong>Sabine Haß</strong><br><em>Schatzmeisterin</em></p>



<p>Mein Name ist Sabine Haß und meine Tochter besucht die Erich Käsnter Grundschule. Demnächst wird auch mein Sohn die Schule besuchen. Ich bin verheiratet, leben in Königs Wusterhausen und erkunden gern gemeinsam viel Neues. In der Vergangenheit habe ich mich im Elternbeirat der Stadt KW engagiert und möchte nun meine Ideen bei der<br>Arbeit für den Förderverein einfließen lassen, persönliches Engagement für unsere Kinder<br>ist mir wichtig.</p>
</div>
</div>
</div></div>

<p>Unser Förderverein der Grundschule Erich Kästner e.V. wurde im Jahr 1992 gegründet und durfte bereits sein 30-jähriges Bestehen feiern. Es handelt sich um einen gemeinnützigen Verein mit Mitgliedern aus Eltern, Großeltern und Lehrern. Alle Gremien und mitwirkenden Helfer engagieren sich ehrenamtlich.</p>
